{"id":86,"date":"2025-06-22T18:43:54","date_gmt":"2025-06-22T18:43:54","guid":{"rendered":"https:\/\/bosshoanghai.com\/thecapitalist\/?page_id=86"},"modified":"2025-11-05T10:11:54","modified_gmt":"2025-11-05T10:11:54","slug":"huong-dan-tu-hanh","status":"publish","type":"page","link":"https:\/\/bosshoanghai.com\/thecapitalist\/","title":{"rendered":"H\u01b0\u1edbng d\u1eabn tu h\u00e0nh"},"content":{"rendered":"\n<p class=\"has-text-align-center\"><\/p>\n\n\n\n<h1 class=\"wp-block-heading has-text-align-center\" style=\"font-size:62px\"><strong>\u798f\u6d77\u660e\u738b<\/strong><\/h1>\n\n\n\n<p class=\"has-text-align-center\">Today and tomorrow. All are truly beautiful.<\/p>\n\n\n\n<p class=\"has-text-align-center\">\u4eca\u5929\u548c\u660e\u5929\u3002\u4e00\u5207\u90fd\u5f88\u7f8e\u3002<\/p>\n\n\n\n<div style=\"height:20px\" aria-hidden=\"true\" class=\"wp-block-spacer\"><\/div>\n\n\n\n<h2 class=\"wp-block-heading has-text-align-center\">H\u01af\u1edaNG D\u1eaaN TU H\u00c0NH<\/h2>\n\n\n\n<div style=\"height:20px\" aria-hidden=\"true\" class=\"wp-block-spacer\"><\/div>\n\n\n\n<figure class=\"wp-block-image size-full border-radius-20px\"><img loading=\"lazy\" decoding=\"async\" width=\"1152\" height=\"2048\" src=\"https:\/\/bosshoanghai.com\/thecapitalist\/wp-content\/uploads\/solaris\/cn\/cn-www\/sites\/13\/2025\/06\/1695.jpg\" alt=\"\" class=\"wp-image-54\" srcset=\"https:\/\/bosshoanghai.com\/thecapitalist\/wp-content\/uploads\/solaris\/cn\/cn-www\/sites\/13\/2025\/06\/1695.jpg 1152w, https:\/\/bosshoanghai.com\/thecapitalist\/wp-content\/uploads\/solaris\/cn\/cn-www\/sites\/13\/2025\/06\/1695-169x300.jpg 169w, https:\/\/bosshoanghai.com\/thecapitalist\/wp-content\/uploads\/solaris\/cn\/cn-www\/sites\/13\/2025\/06\/1695-576x1024.jpg 576w, https:\/\/bosshoanghai.com\/thecapitalist\/wp-content\/uploads\/solaris\/cn\/cn-www\/sites\/13\/2025\/06\/1695-768x1365.jpg 768w, https:\/\/bosshoanghai.com\/thecapitalist\/wp-content\/uploads\/solaris\/cn\/cn-www\/sites\/13\/2025\/06\/1695-864x1536.jpg 864w\" sizes=\"auto, (max-width: 1152px) 100vw, 1152px\" \/><figcaption class=\"wp-element-caption\">Tr\u00ecnh V\u0169 H\u1ea3i Khang, 06.2025<\/figcaption><\/figure>\n\n\n\n<p class=\"has-text-align-center\">Nh\u1ea5t nh\u00e2n h\u1eefu kh\u00e1nh, tri\u1ec7u d\u00e2n l\u1ea1i chi<\/p>\n\n\n\n<p class=\"has-text-align-center\" style=\"font-size:32px\">\u4e00\u4eba\u6709\u6176, \u5146\u6c11\u8cf4\u4e4b<\/p>\n\n\n\n<div style=\"height:20px\" aria-hidden=\"true\" class=\"wp-block-spacer\"><\/div>\n\n\n\n<p class=\"has-text-align-center has-large-font-size\">tu th\u00e2n l\u00e0 c\u00e1i g\u1ed1c c\u1ee7a th\u00e0nh c\u00f4ng<\/p>\n\n\n\n<p class=\"has-text-align-center\">H\u1ed3ng V\u0169 : haikhangvuong@gmail.com<\/p>\n\n\n\n<p class=\"has-text-align-center\">\u6d77\u8ecd\u5e2b \/ \u6b77\u53f2\u7684\u5929\u7a7a \/ ID : 79998<\/p>\n\n\n\n<p class=\"has-text-align-center\">HKWAY : Peace, trust \u2764\ufe0f \u6d2a: \u559c\u7de3\u798f\u5fb7 \u8ca1\u5bcc\u9806\u5229<\/p>\n\n\n\n<div style=\"height:18px\" aria-hidden=\"true\" class=\"wp-block-spacer\"><\/div>\n\n\n\n<p class=\"has-text-align-center has-large-font-size\">tu h\u00e0nh quan tr\u1ecdng nh\u1ea5t l\u00e0 ph\u1ea3i th\u1ef1c t\u1ebf<\/p>\n\n\n\n<p class=\"has-text-align-center\" style=\"font-size:90px\"><strong>\u4fee\u884c<\/strong><\/p>\n\n\n\n<p class=\"has-text-align-center\">Tu h\u00e0nh<\/p>\n\n\n\n<ol class=\"wp-block-list\">\n<li>Tu d\u01b0\u1ee1ng \u0111\u1ee9c h\u1ea1nh. \u25c7Trang T\u1eed \u838a\u5b50: \u201cB\u1ec9 h\u00e0 nh\u00e2n gi\u1ea3 da? Tu h\u00e0nh v\u00f4 h\u1eefu, nhi ngo\u1ea1i k\u00ec h\u00ecnh h\u00e0i\u201d \u5f7c\u4f55\u4eba\u8005\u90aa, \u4fee\u884c\u7121\u6709, \u800c\u5916\u5176\u5f62\u9ab8 (\u0110\u1ea1i t\u00f4ng s\u01b0 \u5927\u5b97\u5e2b) H\u1ecd l\u00e0 ng\u01b0\u1eddi th\u1ebf n\u00e0o? Tu d\u01b0\u1ee1ng \u0111\u1ee9c h\u1ea1nh, kh\u00f4ng c\u00f3 (l\u1ec5 nghi), m\u00e0 qu\u00ean c\u1ea3 h\u00ecnh h\u00e0i b\u00ean ngo\u00e0i c\u1ee7a m\u00ecnh.<\/li>\n\n\n\n<li>Tu t\u1eadp th\u1ef1c h\u00e0nh. \u25c7H\u00e1n Th\u01b0 \u6f22\u66f8: \u201cTu h\u00e0nh ti\u00ean v\u01b0\u01a1ng chi \u0111\u1ea1o\u201d \u4fee\u884c\u5148\u738b\u4e4b\u9053 (Nghi\u00eam B\u00e0nh T\u1ed5 truy\u1ec7n \u56b4\u5f6d\u7956\u50b3) Tu t\u1eadp th\u1ef1c h\u00e0nh \u0111\u1ea1o c\u1ee7a c\u00e1c vua tr\u01b0\u1edbc.<\/li>\n\n\n\n<li>H\u1ecdc Ph\u1eadt, h\u1ecdc \u0111\u1ea1o. \u25c7V\u01b0\u01a1ng Ki\u1ebfn \u738b\u5efa: \u201cTu h\u00e0nh c\u1eadn nh\u1eadt h\u00ecnh nh\u01b0 h\u1ea1c, \u0110\u1ea1o d\u1eabn \u0111a th\u00ec c\u1ed1t t\u1ef1 mi\u00ean\u201d \u4fee\u884c\u8fd1\u65e5\u5f62\u5982\u9db4, \u5c0e\u5f15\u591a\u6642\u9aa8\u4f3c\u7dbf (T\u1eb7ng Th\u00e1i Thanh L\u00f4 \u0111\u1ea1o s\u0129 \u8d08\u592a\u6e05\u76e7\u9053\u58eb) Tu h\u00e0nh g\u1ea7n \u0111\u00e2y h\u00ecnh h\u00e0i (g\u1ea7y g\u00f2) nh\u01b0 chim h\u1ea1c, Theo ph\u00e9p \u0111\u1ea1o d\u1eabn l\u00e2u ng\u00e0y x\u01b0\u01a1ng (m\u1ec1m y\u1ebfu) t\u1ef1a b\u00f4ng g\u00f2n.<\/li>\n\n\n\n<li>Phi\u1ebfm ch\u1ec9 ti\u1ebft th\u00e1o \u0111\u1ee9c h\u1ea1nh. \u25c7\u0110\u00f4ng Quan H\u00e1n k\u00ed \u6771\u89c0\u6f22\u8a18: \u201c\u0110\u1ec7 Ng\u0169 Lu\u00e2n, t\u1ef1 B\u00e1 Ng\u01b0, Kinh Tri\u1ec7u Tr\u01b0\u1eddng L\u0103ng nh\u00e2n, tu h\u00e0nh thanh b\u1ea1ch\u201d \u7b2c\u4e94\u502b, \u5b57\u4f2f\u9b5a, \u4eac\u5146\u9577\u9675\u4eba, \u4fee\u884c\u6e05\u767d (\u0110\u1ec7 Ng\u0169 Lu\u00e2n truy\u1ec7n \u7b2c\u4e94\u502b\u50b3) \u0110\u1ec7 Ng\u0169 Lu\u00e2n, t\u1ef1 B\u00e1 Ng\u01b0, ng\u01b0\u1eddi \u1edf Tr\u01b0\u1eddng L\u0103ng, Kinh Tri\u1ec7u, ti\u1ebft th\u00e1o \u0111\u1ee9c h\u1ea1nh thanh b\u1ea1ch.<\/li>\n\n\n\n<li>Ph\u1ea9m h\u1ea1nh t\u1ed1t. \u25c7L\u01b0u H\u01b0\u1edbng \u5289\u5411: \u201cNguy\u1ec7n \u0111\u1ea1i v\u01b0\u01a1ng tuy\u1ec3n l\u01b0\u01a1ng ph\u00fa gia t\u1eed h\u1eefu tu h\u00e0nh gi\u1ea3 d\u0129 vi l\u1ea1i\u201d \u9858\u5927\u738b\u9078\u826f\u5bcc\u5bb6\u5b50\u6709\u4fee\u884c\u8005\u4ee5\u70ba\u540f (Thuy\u1ebft uy\u1ec3n \u8aaa\u82d1, Thi\u1ec7n thuy\u1ebft \u5584\u8aaa) Xin \u0111\u1ea1i v\u01b0\u01a1ng tuy\u1ec3n l\u1ef1a con em nh\u00e0 gi\u00e0u l\u01b0\u01a1ng thi\u1ec7n c\u00f3 ph\u1ea9m h\u1ea1nh t\u1ed1t \u0111\u1ec3 l\u00e0m ch\u1ee9c l\u1ea1i.<\/li>\n\n\n\n<li>H\u00e0nh thi\u1ec7n t\u00edch \u0111\u1ee9c.<\/li>\n<\/ol>\n\n\n\n<div style=\"height:18px\" aria-hidden=\"true\" class=\"wp-block-spacer\"><\/div>\n\n\n\n<figure class=\"wp-block-embed is-type-wp-embed is-provider-h-ng-v wp-block-embed-h-ng-v\"><div class=\"wp-block-embed__wrapper\">\n<blockquote class=\"wp-embedded-content\" data-secret=\"tOebSwgTWs\"><a href=\"https:\/\/bosshoanghai.com\/thecapitalist\/20\/hong-vu-lam-moi-khai-niem-tu-hanh-trong-cuoc-song-hien-dai-ngay-hom-nay\/\">H\u1ed3ng V\u0169 l\u00e0m m\u1edbi kh\u00e1i ni\u1ec7m Tu H\u00e0nh trong cu\u1ed9c s\u1ed1ng hi\u1ec7n \u0111\u1ea1i ng\u00e0y h\u00f4m nay<\/a><\/blockquote><iframe loading=\"lazy\" class=\"wp-embedded-content\" sandbox=\"allow-scripts\" security=\"restricted\" style=\"position: absolute; visibility: hidden;\" title=\"&#8220;H\u1ed3ng V\u0169 l\u00e0m m\u1edbi kh\u00e1i ni\u1ec7m Tu H\u00e0nh trong cu\u1ed9c s\u1ed1ng hi\u1ec7n \u0111\u1ea1i ng\u00e0y h\u00f4m nay&#8221; &#8212; H\u1ed2NG V\u0168 \u6d2a\u6b66\" src=\"https:\/\/bosshoanghai.com\/thecapitalist\/20\/hong-vu-lam-moi-khai-niem-tu-hanh-trong-cuoc-song-hien-dai-ngay-hom-nay\/embed\/#?secret=4TsPFTZ9aO#?secret=tOebSwgTWs\" data-secret=\"tOebSwgTWs\" width=\"600\" height=\"338\" frameborder=\"0\" marginwidth=\"0\" marginheight=\"0\" scrolling=\"no\"><\/iframe>\n<\/div><\/figure>\n\n\n\n<div style=\"height:18px\" aria-hidden=\"true\" class=\"wp-block-spacer\"><\/div>\n\n\n\n<p style=\"font-size:26px\">C\u00f4ng vi\u1ec7c c\u1ee7a Ph\u00fac H\u1ea3i Minh V\u01b0\u01a1ng l\u00e0 ki\u1ebfn t\u1ea1o, ch\u1ea5n h\u01b0ng, x\u00e2y d\u1ef1ng, \u0111\u00f3ng g\u00f3p cho s\u1ef1 ph\u00e1t tri\u1ec3n c\u1ee7a x\u00e3 h\u1ed9i<\/p>\n\n\n\n<div style=\"height:18px\" aria-hidden=\"true\" class=\"wp-block-spacer\"><\/div>\n\n\n\n<blockquote class=\"wp-block-quote is-layout-flow wp-block-quote-is-layout-flow\">\n<p style=\"font-size:22px\">Th\u00f4ng qua vi\u1ec7c gi\u00fap \u0111\u1ee1 m\u1ecdi ng\u01b0\u1eddi h\u01b0\u1edbng v\u00e0o ch\u00ednh ph\u00e1p, tu h\u00e0nh ch\u00ednh ph\u00e1p, s\u1ed1ng theo ch\u00ednh ph\u00e1p<\/p>\n<\/blockquote>\n\n\n\n<div style=\"height:18px\" aria-hidden=\"true\" class=\"wp-block-spacer\"><\/div>\n\n\n\n<ol class=\"wp-block-list\">\n<li>X\u00e2y d\u1ef1ng con ng\u01b0\u1eddi \u0111\u00e0ng ho\u00e0ng<\/li>\n\n\n\n<li>X\u00e2y d\u1ef1ng cu\u1ed9c s\u1ed1ng \u0111\u00e0ng ho\u00e0ng<\/li>\n\n\n\n<li>X\u00e2y d\u1ef1ng s\u1ef1 nghi\u1ec7p \u0111\u00e0ng ho\u00e0ng<\/li>\n\n\n\n<li>X\u00e2y d\u1ef1ng cu\u1ed9c \u0111\u1eddi \u0111\u00e0ng ho\u00e0ng<\/li>\n<\/ol>\n\n\n\n<div style=\"height:18px\" aria-hidden=\"true\" class=\"wp-block-spacer\"><\/div>\n\n\n\n<p>Qua \u0111\u00f3 g\u00f3p ph\u1ea7n x\u00e2y d\u1ef1ng x\u00e3 h\u1ed9i, x\u00e2y d\u1ef1ng \u0111\u1ea5t n\u01b0\u1edbc \u0111\u00e0ng ho\u00e0ng, to \u0111\u1eb9p, gi\u00e0u m\u1ea1nh<\/p>\n\n\n\n<p><\/p>\n","protected":false},"excerpt":{"rendered":"<p>\u798f\u6d77\u660e\u738b Today and tomorrow. All are truly beautiful. \u4eca\u5929\u548c\u660e\u5929\u3002\u4e00\u5207\u90fd\u5f88\u7f8e\u3002 H\u01af\u1edaNG D\u1eaaN TU H\u00c0NH Nh\u1ea5t nh\u00e2n h\u1eefu kh\u00e1nh, tri\u1ec7u d\u00e2n l\u1ea1i chi \u4e00\u4eba\u6709\u6176, \u5146\u6c11\u8cf4\u4e4b tu th\u00e2n l\u00e0 c\u00e1i g\u1ed1c c\u1ee7a th\u00e0nh c\u00f4ng H\u1ed3ng V\u0169 : haikhangvuong@gmail.com \u6d77\u8ecd\u5e2b \/ \u6b77\u53f2\u7684\u5929\u7a7a \/ ID : 79998 HKWAY : Peace, trust \u2764\ufe0f \u6d2a: \u559c\u7de3\u798f\u5fb7 \u8ca1\u5bcc\u9806\u5229 tu h\u00e0nh quan tr\u1ecdng nh\u1ea5t&hellip;<\/p>\n","protected":false},"author":6,"featured_media":0,"parent":0,"menu_order":0,"comment_status":"closed","ping_status":"closed","template":"","meta":{"footnotes":""},"class_list":["post-86","page","type-page","status-publish","hentry"],"_links":{"self":[{"href":"https:\/\/bosshoanghai.com\/thecapitalist\/wp-json\/wp\/v2\/pages\/86","targetHints":{"allow":["GET"]}}],"collection":[{"href":"https:\/\/bosshoanghai.com\/thecapitalist\/wp-json\/wp\/v2\/pages"}],"about":[{"href":"https:\/\/bosshoanghai.com\/thecapitalist\/wp-json\/wp\/v2\/types\/page"}],"author":[{"embeddable":true,"href":"https:\/\/bosshoanghai.com\/thecapitalist\/wp-json\/wp\/v2\/users\/6"}],"replies":[{"embeddable":true,"href":"https:\/\/bosshoanghai.com\/thecapitalist\/wp-json\/wp\/v2\/comments?post=86"}],"version-history":[{"count":25,"href":"https:\/\/bosshoanghai.com\/thecapitalist\/wp-json\/wp\/v2\/pages\/86\/revisions"}],"predecessor-version":[{"id":127,"href":"https:\/\/bosshoanghai.com\/thecapitalist\/wp-json\/wp\/v2\/pages\/86\/revisions\/127"}],"wp:attachment":[{"href":"https:\/\/bosshoanghai.com\/thecapitalist\/wp-json\/wp\/v2\/media?parent=86"}],"curies":[{"name":"wp","href":"https:\/\/api.w.org\/{rel}","templated":true}]}}